
Let s(l) = l**2 - 27021*l + 297118. Give s(11).
8
Let k(y) = 952*y**2 + 269415*y - 252. Calculate k(-283).
31
Let c(b) = 7*b**2 - 48*b - 987. Calculate c(-10).
193
Let n(a) = -3*a**2 + 957*a - 4075. What is n(318)?
-3121
Let o(b) = 16*b**2 - 864*b + 7193. Determine o(10).
153
Let h(k) = 1656*k - 15002. Determine h(9).
-98
Let w(b) = -159*b - 655. What is w(-6)?
299
Let x(m) = 108*m**2 + 2787*m + 27. Calculate x(-26).
573
Let t(f) = 231935*f - 284. Determine t(0).
-284
Let m(a) = -941*a - 44258. Give m(-47).
-31
Let t(b) = -b**2 - 1722*b + 17314. Determine t(10).
-6
Let z(w) = -1842*w - 723901. Calculate z(-393).
5
Let c(z) = z**2 + 6794*z - 4253064. Determine c(577).
3
Let y(j) = 7*j**2 + 570*j + 2185. Determine y(-4).
17
Let r(y) = 2*y**3 - 28*y**2 - 240*y + 72. Give r(-7).
-306
Let f(i) = -2*i**2 - 340815*i + 6817106. Give f(20).
6
Let m(c) = 307730*c - 16617410. What is m(54)?
10
Let w(f) = 505*f - 4441. Give w(7).
-906
Let f(q) = q**2 - 51*q + 50. Calculate f(47).
-138
Let d(a) = -222*a**2 - 101*a + 103. Calculate d(1).
-220
Let n(o) = -91*o - 20653. Calculate n(-229).
186
Let w(g) = -55656*g + 389692. Give w(7).
100
Let t(b) = 21542*b + 4803868. Give t(-223).
2
Let m(h) = 13835*h - 41434. Determine m(3).
71
Let m(v) = v**3 + 34*v**2 - 248*v - 371. Give m(-40).
-51
Let p(t) = -3*t**3 - 6*t**2 + 17*t - 24. Give p(-4).
4
Let l(m) = -3*m**2 + 115*m + 1417. Determine l(-11).
-211
Let p(j) = -j**3 + 329*j**2 + 802*j - 155755. Give p(330).
5
Let f(l) = -12990*l - 4429587. Calculate f(-341).
3
Let f(u) = -u**3 - 393*u**2 - 11879*u + 226. What is f(-360)?
-134
Let d(l) = 2*l**2 - 354*l - 28991. Give d(-61).
45
Let y(q) = -2*q**3 + 55*q**2 + 1054*q - 7926. Calculate y(6).
-54
Let j(r) = -10512*r - 536090. Give j(-51).
22
Let c(o) = -o**3 + 93*o**2 - 253*o + 32745. Calculate c(94).
127
Let b(t) = 1831*t + 69342. Calculate b(-37).
1595
Let l(p) = 939*p + 120914. Determine l(-129).
-217
Let x(q) = 624*q - 25024. Calculate x(40).
-64
Let y(l) = -164*l + 8877. What is y(60)?
-963
Let y(r) = r**2 + 538*r - 4373. What is y(8)?
-5
Let i(a) = -a**3 + 117*a**2 + 868*a - 3. What is i(124)?
-3
Let b(a) = 15*a**3 - 1095*a**2 + 5100*a - 23. What is b(68)?
-23
Let a(d) = -d**2 - 1085*d + 7647. Give a(7).
3
Let u(g) = 2*g**2 + 692*g - 45913. Determine u(57).
29
Let c(m) = -22366*m + 357863. What is c(16)?
7
Let j(r) = -3*r**2 + 43*r + 238. Calculate j(14).
252
Let l(y) = 15111*y + 15134. Give l(-1).
23
Let z(i) = -i**2 - 43*i - 273. Give z(-34).
33
Let v(l) = -13205*l - 184924. Determine v(-14).
-54
Let o(h) = -h**3 + 38*h**2 + 5476*h - 208048. Calculate o(38).
40
Let m(f) = 186*f + 17269. What is m(-93)?
-29
Let y(p) = -p**3 - 288*p**2 - 19698*p + 2465. What is y(-176)?
1
Let s(w) = 522*w + 9383. Calculate s(-18).
-13
Let n(v) = -v**3 - 37*v**2 + 152*v - 18. Give n(-40).
-1298
Let v(s) = -1660*s - 51648. Determine v(-31).
-188
Let i(s) = -2117*s + 15154. Determine i(7).
335
Let x(j) = j**3 + 146*j**2 - 767*j + 22035. Calculate x(-152).
-5
Let x(j) = -10275*j - 410997. Calculate x(-40).
3
Let a(i) = 3*i**2 - 754*i + 42899. Give a(87).
8
Let x(z) = -6*z**2 - 3726*z + 37863. What is x(10)?
3
Let c(g) = -1421*g**2 - 35562*g - 811. Determine c(-25).
114
Let c(a) = 69022*a - 759239. What is c(11)?
3
Let c(j) = 4*j**3 - 773*j**2 + 958*j + 494. What is c(192)?
110
Let a(r) = -r**3 + 3*r**2 + 179*r + 44. Give a(0).
44
Let s(c) = 51*c**2 + 11*c + 120. Give s(-5).
1340
Let i(p) = 34546*p - 276368. Determine i(8).
0
Let o(q) = -q**3 - 87*q**2 + 1683*q + 3620. Calculate o(-103).
15
Let b(l) = -l**3 + 16*l**2 + 179*l + 323. Calculate b(-6).
41
Let s(k) = 348*k**3 + 22*k**2 + 23*k. Determine s(-1).
-349
Let t(g) = -65*g**2 - 5*g - 501. Calculate t(0).
-501
Let l(q) = -2*q**3 - 35*q**2 + 57*q + 80. Determine l(-7).
-1348
Let v(p) = 9*p**2 - 305821*p - 1223430. Calculate v(-4).
-2
Let i(s) = -5*s**3 - 98*s**2 + 36*s + 3264. Calculate i(-18).
24
Let u(i) = -i**3 + 14*i**2 + 957*i - 15166. What is u(16)?
-366
Let v(q) = -3*q**2 - 151*q - 1343. Give v(-12).
37
Let w(q) = -6*q**2 - 199*q - 1655. What is w(-10)?
-265
Let f(c) = -16141*c + 148269. Determine f(9).
3000
Let l(k) = -6*k**3 + 92*k**2 - 22*k - 30. Give l(14).
1230
Let u(w) = 1062629*w - 1062636. Calculate u(1).
-7
Let c(g) = -33356*g + 1000712. Calculate c(30).
32
Let b(j) = 1720*j**2 + 9830*j - 2941. Calculate b(-6).
-1
Let z(u) = 8258*u - 115621. Determine z(14).
-9
Let j(r) = -754*r**2 + 2741*r + 2745. What is j(-1)?
-750
Let m(w) = -w**3 + 81*w**2 + 119*w - 9619. Determine m(81).
20
Let r(l) = l**3 - 86*l**2 - 452*l - 68. Calculate r(91).
205
Let d(l) = 8*l**3 - 512*l - 2977. Give d(-6).
-1633
Let a(i) = 6*i**3 - 1812*i**2 + 6*i - 1861. What is a(302)?
-49
Let r(w) = -w**3 - 12*w**2 + 642*w + 3770. Determine r(-6).
-298
Let b(k) = -3812993*k - 45755913. Calculate b(-12).
3
Let u(p) = -4467*p - 339582. What is u(-76)?
-90
Let r(b) = b**3 + 318*b**2 - 14320*b - 2. Determine r(-358).
-2
Let i(p) = 2*p**3 + 172*p**2 + 13*p + 710. Calculate i(-86).
-408
Let t(v) = v**2 + 33*v - 20156. Give t(-161).
452
Let s(m) = -15*m**2 + 245*m - 1061. What is s(7)?
-81
Let f(t) = 74*t**2 - 199*t + 1307. Determine f(7).
3540
Let v(z) = z**3 - 13*z**2 - 888*z + 13966. Give v(17).
26
Let w(p) = p**3 - 515*p**2 + 611*p + 212813. What is w(513)?
-82
Let j(a) = -707*a - 32547. Calculate j(-46).
-25
Let c(j) = 272671*j + 3544724. What is c(-13)?
1
Let a(q) = 2*q**2 + 27*q - 74209. What is a(186)?
5
Let q(l) = -98*l**3 - 11*l**2 - 78*l - 57. Calculate q(-1).
108
Let b(s) = 4*s**3 - 8*s**2 + 81*s + 84. Calculate b(7).
1631
Let m(n) = -816*n - 176303. Calculate m(-216).
-47
Let p(v) = 27746*v + 6964248. Determine p(-251).
2
Let h(g) = 321*g + 33156. Determine h(-104).
-228
Let n(m) = -m**3 - 748*m**2 + 110129*m + 4367. What is n(-874)?
-3
Let i(x) = -336*x**2 - 80*x + 82. What is i(1)?
-334
Let h(p) = 18*p**3 + 424*p**2 - 960*p - 18439. What is h(-24)?
-7
Let a(q) = 168*q - 23016. Give a(137).
0
Let o(u) = 481976*u + 5301733. Calculate o(-11).
-3
Let p(o) = -3*o**3 + 106*o**2 + 30*o + 895. Give p(36).
-617
Let y(g) = -2*g**2 - 1164*g - 11449. Determine y(-10).
-9
Let b(o) = o**2 - 1884*o - 11331. Calculate b(-6).
9
Let v(w) = 298*w + 3861. Give v(-13).
-13
Let z(w) = -162697*w - 487994. Determine z(-3).
97
Let s(i) = -4*i**2 + 27*i + 253. What is s(-12)?
-647
Let d(k) = 11*k**3 - 2277*k**2 + 2*k - 440. What is d(207)?
-26
Let x(a) = 5*a**2 - 23*a - 74. What is x(-5)?
166
Let u(r) = -2*r**3 + 447*r**2 + 5070*r - 985. Calculate u(-11).
-6
Let q(b) = 32000*b - 799980. Calculate q(25).
20
Let z(q) = -2*q**2 + 602*q - 26504. What is z(54)?
172
Let i(b) = 3*b**3 - 283*b**2 - 472*b + 435. Calculate i(96).
1203
Let s(d) = -55*d**2 + 495*d + 4924. Give s(15).
-26
Let f(d) = 4*d**2 + 728*d + 1212. Give f(-180).
-228
Let g(x) = -2*x**3 + 23*x**2 + 7*x + 98. What is g(13)?
-318
Let s(k) = 77*k**2 - 133*k - 2. What is s(4)?
698
Let t(m) = 190160*m**2 + 4373683*m + 72. What is t(-23)?
3
Let r(o) = 891*o - 35588. Determine r(40).
52
Let u(v) = -5*v**2 + 9*v + 401. Calculate u(19).
-1233
Let x(i) = -2*i**3 + 186*i**2 - 233*i + 4440. Determine x(92).
-68
Let r(w) = -10*w - 1823. Calculate r(-148).
-343
Let a(d) = 5*d**2 + 18*d - 35. Calculate a(4).
117
Let w(o) = 4557*o + 22792. Give w(-5).
7
Let i(z) = -2*z**2 - 2440*z - 486439. What is i(-969)?
-1
Let g(z) = -118*z - 3667. Determine g(-29).
-245
Let j(b) = -395*b - 386. Determine j(-11).
3959
Let r(a) = 474*a + 21527. Calculate r(-47).
-751
Let f(b) = -17*b**3 + 145545*b + 145545. What is f(-1)?
17
Let x(j) = 28*j**3 + 6890*j**2 + 487*j - 1222. Give x(-246).
8
Let u(y) = 118*y - 8331. What is u(73)?
283
Let w(u) = -441*u + 5027. Calculate w(11).
176
Let q(o) = 93*o**3 + 2*o**2 + 136*o - 137. Calculate q(1).
94
Let h(a) = a**3 + 15*a**2 + 60*a + 835. Give h(-15).
-65
Let c(d) = -d**2 - 85*d + 868. Determine c(13).
-406
Let a(h) = 2*h**3 + 20*h**2 + 106*h + 1147. Calculate a(-12).
-701
Let j(o) = 4*o**2 - 78795*o + 472776. Determine j(6).
150
Let q(t) = -3*t**2 - 621*t + 92301. Determine q(-307).
201
Let o(h) = -h**2 + 444*h + 12291. Determine o(-26).
71
Let o(z) = -z**3 - 19*z**2 + 292*z + 1703. Determine o(13).
91
Let p(k) = -k**2 - 871*k - 50906. What is p(-63)?
-2
Let l(m) = -m**3 - 120*m**2 - 2302*m - 32